{"id":8967,"date":"2025-07-04T11:22:27","date_gmt":"2025-07-04T14:22:27","guid":{"rendered":"https:\/\/caram.com.ar\/v8\/?post_type=product&#038;p=8967"},"modified":"2026-04-17T16:48:02","modified_gmt":"2026-04-17T19:48:02","slug":"0380","status":"publish","type":"product","link":"https:\/\/caram.com.ar\/v8\/producto\/0380\/","title":{"rendered":"Ventana levadiza PLANA 28X38 c\/blackout y mosq."},"content":{"rendered":"<p class=\"e_text-55 s_title\">CARACTER\u00cdSTICAS DE LA VENTANA<\/p>\n<div class=\"e_richText-31 s_title clearfix response-transition\">\n<p>\u25cf Acr\u00edlico PMMA hueco de doble capa tonalizado, plano por fuera y convexo por dentro, resistente a los rayos UV, cumple con la certificaci\u00f3n de seguridad ECE de la UE;<\/p>\n<p>\u25cf Marco de aleaci\u00f3n de aluminio de alta resistencia, recubrimiento en pintura epoxi;<\/p>\n<p>\u25cf Apertura abatible hacia afuera, se puede detener en m\u00faltiples \u00e1ngulos, opcionalmente con varias varillas de soporte;<\/p>\n<p>\u25cf Espesor de pared adecuado: 35-45 mm;<\/p>\n<p>\u25cf Instalaci\u00f3n tipo abrazadera (no es necesario perforar la carrocer\u00eda del veh\u00edculo);<\/p>\n<p>\u25cf El color\u00a0 del marco de la ventana es negro<\/p>\n<p>CARACTER\u00cdSTICAS DE LA CORTINA BLACKOUT Y MOSQUITERO (INCLUIDOS)<\/p>\n<p>\u25cf El material del marco PVC<\/p>\n<p>\u25cf Varilla de tracci\u00f3n de aleaci\u00f3n de aluminio anodizado;<\/p>\n<p>\u25cf Dise\u00f1o integrado de tela plisada totalmente opaca para parasol y mosquitera plisada;<\/p>\n<p>\u25cf La tela plisada para parasol y la mosquitera plisada se pueden empujar y tirar individualmente o juntas despu\u00e9s de abrocharse, y se pueden detener en cualquier posici\u00f3n;<\/p>\n<p>\u25cf M\u00e9todo de cierre: Traba de pl\u00e1stico.<\/p>\n<p>\u25cf Instalaci\u00f3n sencilla con tornillos en las cuatro esquinas;<\/p>\n<\/div>\n","protected":false},"excerpt":{"rendered":"<p>CARACTER\u00cdSTICAS DE LA VENTANA \u25cf Acr\u00edlico PMMA hueco de doble capa tonalizado, plano por fuera y convexo por dentro, resistente a los rayos UV, cumple con la certificaci\u00f3n de seguridad ECE de la UE; \u25cf Marco de aleaci\u00f3n de aluminio de alta resistencia, recubrimiento en pintura epoxi; \u25cf Apertura abatible hacia afuera, se puede detener [&hellip;]<\/p>\n","protected":false},"featured_media":8444,"template":"","meta":[],"product_brand":[],"product_cat":[1184],"product_tag":[],"class_list":{"0":"post-8967","1":"product","2":"type-product","3":"status-publish","4":"has-post-thumbnail","6":"product_cat-planas","8":"first","9":"instock","10":"featured","11":"taxable","12":"shipping-taxable","13":"purchasable","14":"product-type-simple"},"_links":{"self":[{"href":"https:\/\/caram.com.ar\/v8\/wp-json\/wp\/v2\/product\/8967","targetHints":{"allow":["GET"]}}],"collection":[{"href":"https:\/\/caram.com.ar\/v8\/wp-json\/wp\/v2\/product"}],"about":[{"href":"https:\/\/caram.com.ar\/v8\/wp-json\/wp\/v2\/types\/product"}],"wp:featuredmedia":[{"embeddable":true,"href":"https:\/\/caram.com.ar\/v8\/wp-json\/wp\/v2\/media\/8444"}],"wp:attachment":[{"href":"https:\/\/caram.com.ar\/v8\/wp-json\/wp\/v2\/media?parent=8967"}],"wp:term":[{"taxonomy":"product_brand","embeddable":true,"href":"https:\/\/caram.com.ar\/v8\/wp-json\/wp\/v2\/product_brand?post=8967"},{"taxonomy":"product_cat","embeddable":true,"href":"https:\/\/caram.com.ar\/v8\/wp-json\/wp\/v2\/product_cat?post=8967"},{"taxonomy":"product_tag","embeddable":true,"href":"https:\/\/caram.com.ar\/v8\/wp-json\/wp\/v2\/product_tag?post=8967"}],"curies":[{"name":"wp","href":"https:\/\/api.w.org\/{rel}","templated":true}]}}

<p class="e_text-55 s_title">CARACTERÍSTICAS DE LA VENTANA</p>
<div class="e_richText-31 s_title clearfix response-transition">
<p>● Acrílico PMMA hueco de doble capa tonalizado, plano por fuera y convexo por dentro, resistente a los rayos UV, cumple con la certificación de seguridad ECE de la UE;</p>
<p>● Marco de aleación de aluminio de alta resistencia, recubrimiento en pintura epoxi;</p>
<p>● Apertura abatible hacia afuera, se puede detener en múltiples ángulos, opcionalmente con varias varillas de soporte;</p>
<p>● Espesor de pared adecuado: 35-45 mm;</p>
<p>● Instalación tipo abrazadera (no es necesario perforar la carrocería del vehículo);</p>
<p>● El color  del marco de la ventana es negro</p>
<p>CARACTERÍSTICAS DE LA CORTINA BLACKOUT Y MOSQUITERO (INCLUIDOS)</p>
<p>● El material del marco PVC</p>
<p>● Varilla de tracción de aleación de aluminio anodizado;</p>
<p>● Diseño integrado de tela plisada totalmente opaca para parasol y mosquitera plisada;</p>
<p>● La tela plisada para parasol y la mosquitera plisada se pueden empujar y tirar individualmente o juntas después de abrocharse, y se pueden detener en cualquier posición;</p>
<p>● Método de cierre: Traba de plástico.</p>
<p>● Instalación sencilla con tornillos en las cuatro esquinas;</p>
</div>

<p>CARACTERÍSTICAS DE LA VENTANA ● Acrílico PMMA hueco de doble capa tonalizado, plano por fuera y convexo por dentro, resistente a los rayos UV, cumple con la certificación de seguridad ECE de la UE; ● Marco de aleación de aluminio de alta resistencia, recubrimiento en pintura epoxi; ● Apertura abatible hacia afuera, se puede detener [&hellip;]</p>
