{"id":7701,"date":"2023-12-08T06:13:34","date_gmt":"2023-12-08T06:13:34","guid":{"rendered":"https:\/\/caram.com.ar\/v8\/producto\/ventana-levadiza-curva-81-8x31-5-c-blackout-y-mosq\/"},"modified":"2026-04-15T12:51:43","modified_gmt":"2026-04-15T15:51:43","slug":"0505","status":"publish","type":"product","link":"https:\/\/caram.com.ar\/v8\/producto\/0505\/","title":{"rendered":"Ventana levadiza CURVA 81.8X31.5 c\/blackout y mosq."},"content":{"rendered":"<p class=\"e_text-55 s_title\"><strong>CARACTER\u00cdSTICAS DE LA VENTANA<\/strong><\/p>\n<div class=\"e_richText-31 s_title clearfix response-transition\">\n<p>\u25cf Curvas especial para furgones .<\/p>\n<p>\u25cf Acr\u00edlico PMMA hueco de doble capa tonalizado, plano por fuera y convexo por dentro, resistente a los rayos UV, cumple con la certificaci\u00f3n de seguridad ECE de la UE;<\/p>\n<p>\u25cf Marco de aleaci\u00f3n de aluminio CURVADO de alta resistencia , recubrimiento en pintura epoxi, especialmente dise\u00f1ados para respetar la curvatura del veh\u00edculo furg\u00f3n.<\/p>\n<p>\u25cf Apertura abatible hacia afuera, se puede detener en m\u00faltiples \u00e1ngulos, opcionalmente con varias varillas de soporte;<\/p>\n<p>\u25cf Espesor de pared adecuado: 35-45 mm;<\/p>\n<p>\u25cf Instalaci\u00f3n tipo abrazadera (no es necesario perforar la carrocer\u00eda del veh\u00edculo);<\/p>\n<p>\u25cf El color\u00a0 del marco de la ventana es negro<\/p>\n<p><strong>CARACTER\u00cdSTICAS DE LA CORTINA BLACKOUT Y MOSQUITERO (INCLUIDOS)<\/strong><\/p>\n<p>\u25cf El material del marco PVC<\/p>\n<p>\u25cf Varilla de tracci\u00f3n de aleaci\u00f3n de aluminio anodizado;<\/p>\n<p>\u25cf Dise\u00f1o integrado de tela plisada totalmente opaca para parasol y mosquitera plisada;<\/p>\n<p>\u25cf La tela plisada para parasol y la mosquitera plisada se pueden empujar y tirar individualmente o juntas despu\u00e9s de abrocharse, y se pueden detener en cualquier posici\u00f3n;<\/p>\n<p>\u25cf M\u00e9todo de cierre: Traba de pl\u00e1stico.<\/p>\n<p>\u25cf Instalaci\u00f3n sencilla con tornillos en las cuatro esquinas;<\/p>\n<\/div>\n","protected":false},"excerpt":{"rendered":"<p>CARACTER\u00cdSTICAS DE LA VENTANA \u25cf Curvas especial para furgones . \u25cf Acr\u00edlico PMMA hueco de doble capa tonalizado, plano por fuera y convexo por dentro, resistente a los rayos UV, cumple con la certificaci\u00f3n de seguridad ECE de la UE; \u25cf Marco de aleaci\u00f3n de aluminio CURVADO de alta resistencia , recubrimiento en pintura epoxi, [&hellip;]<\/p>\n","protected":false},"featured_media":8451,"template":"","meta":[],"product_brand":[],"product_cat":[1183],"product_tag":[],"class_list":{"0":"post-7701","1":"product","2":"type-product","3":"status-publish","4":"has-post-thumbnail","6":"product_cat-curvas","8":"first","9":"instock","10":"taxable","11":"shipping-taxable","12":"purchasable","13":"product-type-simple"},"_links":{"self":[{"href":"https:\/\/caram.com.ar\/v8\/wp-json\/wp\/v2\/product\/7701","targetHints":{"allow":["GET"]}}],"collection":[{"href":"https:\/\/caram.com.ar\/v8\/wp-json\/wp\/v2\/product"}],"about":[{"href":"https:\/\/caram.com.ar\/v8\/wp-json\/wp\/v2\/types\/product"}],"wp:featuredmedia":[{"embeddable":true,"href":"https:\/\/caram.com.ar\/v8\/wp-json\/wp\/v2\/media\/8451"}],"wp:attachment":[{"href":"https:\/\/caram.com.ar\/v8\/wp-json\/wp\/v2\/media?parent=7701"}],"wp:term":[{"taxonomy":"product_brand","embeddable":true,"href":"https:\/\/caram.com.ar\/v8\/wp-json\/wp\/v2\/product_brand?post=7701"},{"taxonomy":"product_cat","embeddable":true,"href":"https:\/\/caram.com.ar\/v8\/wp-json\/wp\/v2\/product_cat?post=7701"},{"taxonomy":"product_tag","embeddable":true,"href":"https:\/\/caram.com.ar\/v8\/wp-json\/wp\/v2\/product_tag?post=7701"}],"curies":[{"name":"wp","href":"https:\/\/api.w.org\/{rel}","templated":true}]}}