{"id":7279,"date":"2023-12-08T06:10:17","date_gmt":"2023-12-08T06:10:17","guid":{"rendered":"https:\/\/caram.com.ar\/v8\/producto\/llave-exclusa-1-1-2\/"},"modified":"2026-04-17T16:47:47","modified_gmt":"2026-04-17T19:47:47","slug":"5076","status":"publish","type":"product","link":"https:\/\/caram.com.ar\/v8\/producto\/5076\/","title":{"rendered":"Llave exclusa Lasalle Bristol 1 1\/2&#8243;"},"content":{"rendered":"<ul>\n<li>CARACTERISTICAS GENERALES<\/li>\n<li>Manija de ABS, resistente a los impactos, mango grande, f\u00e1cil de abrir y cerrar la v\u00e1lvula.<\/li>\n<li>Varilla de acero inoxidable, proporciona firmeza y resistencia a la corrosi\u00f3n.<\/li>\n<li>Cuerpo de ABS. Hecho de ABS aprobado por cNSF certificado para su uso en EEUU y Canad\u00e1.<\/li>\n<li>Cuchilla de Acetal, sus propiedades facilitan su operaci\u00f3n.<\/li>\n<li>Sellos de goma de nitrilo, Facilitan la apertura, el cierre y garantizan un sello ajustado, confiable y duradero.<\/li>\n<li>Fabricado en EEUU.<\/li>\n<li>100% probada en fabrica para un montaje fiable y a prueba de fugas.<\/li>\n<\/ul>\n","protected":false},"excerpt":{"rendered":"<p>CARACTERISTICAS GENERALES Manija de ABS, resistente a los impactos, mango grande, f\u00e1cil de abrir y cerrar la v\u00e1lvula. Varilla de acero inoxidable, proporciona firmeza y resistencia a la corrosi\u00f3n. Cuerpo de ABS. Hecho de ABS aprobado por cNSF certificado para su uso en EEUU y Canad\u00e1. Cuchilla de Acetal, sus propiedades facilitan su operaci\u00f3n. Sellos [&hellip;]<\/p>\n","protected":false},"featured_media":9164,"template":"","meta":[],"product_brand":[],"product_cat":[1186],"product_tag":[],"class_list":{"0":"post-7279","1":"product","2":"type-product","3":"status-publish","4":"has-post-thumbnail","6":"product_cat-llaves-esclusas-valvulas-tipo-cuchilla","8":"first","9":"instock","10":"taxable","11":"shipping-taxable","12":"purchasable","13":"product-type-simple"},"_links":{"self":[{"href":"https:\/\/caram.com.ar\/v8\/wp-json\/wp\/v2\/product\/7279","targetHints":{"allow":["GET"]}}],"collection":[{"href":"https:\/\/caram.com.ar\/v8\/wp-json\/wp\/v2\/product"}],"about":[{"href":"https:\/\/caram.com.ar\/v8\/wp-json\/wp\/v2\/types\/product"}],"wp:featuredmedia":[{"embeddable":true,"href":"https:\/\/caram.com.ar\/v8\/wp-json\/wp\/v2\/media\/9164"}],"wp:attachment":[{"href":"https:\/\/caram.com.ar\/v8\/wp-json\/wp\/v2\/media?parent=7279"}],"wp:term":[{"taxonomy":"product_brand","embeddable":true,"href":"https:\/\/caram.com.ar\/v8\/wp-json\/wp\/v2\/product_brand?post=7279"},{"taxonomy":"product_cat","embeddable":true,"href":"https:\/\/caram.com.ar\/v8\/wp-json\/wp\/v2\/product_cat?post=7279"},{"taxonomy":"product_tag","embeddable":true,"href":"https:\/\/caram.com.ar\/v8\/wp-json\/wp\/v2\/product_tag?post=7279"}],"curies":[{"name":"wp","href":"https:\/\/api.w.org\/{rel}","templated":true}]}}