{"id":6654,"date":"2023-12-08T06:09:18","date_gmt":"2023-12-08T06:09:18","guid":{"rendered":"https:\/\/caram.com.ar\/v8\/producto\/bomba-shurflo-8000-543-136\/"},"modified":"2026-04-17T16:47:39","modified_gmt":"2026-04-17T19:47:39","slug":"bomba-shurflo-8000-543-136","status":"publish","type":"product","link":"https:\/\/caram.com.ar\/v8\/producto\/bomba-shurflo-8000-543-136\/","title":{"rendered":"Bomba SHURflo 8000-543-136"},"content":{"rendered":"<p>Las bombas SHURflo con valvulas de VITON permiten el traspaso de: qu\u00edmicos, acidos, agroqu\u00edmicos, sin da\u00f1arse.<\/p>\n<p>Automatica. para utilizar sin llave.<br \/>\nAutocebantes(altura max de succion): 2,4 m<br \/>\nFuncionamiento: A diafragma<br \/>\nValvulas: Viton<br \/>\nAlimentacion: 12 volts<br \/>\nArranque: Automatico.<br \/>\nEntrada-Salida: 1\/2 \u00bb<br \/>\nPresion (PSI): 60 PSI<br \/>\nCaudal: 6.84 L\/M<br \/>\nConsumo: 5,5 Amp\/h<br \/>\nGarantia: 1 A\u00f1os<\/p>\n<p><a href=\"https:\/\/drive.google.com\/file\/d\/13B-DXnwiYzhYOFeqQEflqXmmYQagY3ce\/view?usp=sharing\" target=\"_blank\" rel=\"noopener noreferrer\">DESCARGAR FICHA T\u00c9CNICA<\/a><\/p>\n","protected":false},"excerpt":{"rendered":"<p>6,8l\/min 60PSI 12V AUT<\/p>\n","protected":false},"featured_media":6655,"template":"","meta":[],"product_brand":[],"product_cat":[1169,1164],"product_tag":[],"class_list":{"0":"post-6654","1":"product","2":"type-product","3":"status-publish","4":"has-post-thumbnail","6":"product_cat-bombas-12v-o-24v","7":"product_cat-industrial-agro","9":"first","10":"instock","11":"taxable","12":"shipping-taxable","13":"purchasable","14":"product-type-simple"},"_links":{"self":[{"href":"https:\/\/caram.com.ar\/v8\/wp-json\/wp\/v2\/product\/6654","targetHints":{"allow":["GET"]}}],"collection":[{"href":"https:\/\/caram.com.ar\/v8\/wp-json\/wp\/v2\/product"}],"about":[{"href":"https:\/\/caram.com.ar\/v8\/wp-json\/wp\/v2\/types\/product"}],"wp:featuredmedia":[{"embeddable":true,"href":"https:\/\/caram.com.ar\/v8\/wp-json\/wp\/v2\/media\/6655"}],"wp:attachment":[{"href":"https:\/\/caram.com.ar\/v8\/wp-json\/wp\/v2\/media?parent=6654"}],"wp:term":[{"taxonomy":"product_brand","embeddable":true,"href":"https:\/\/caram.com.ar\/v8\/wp-json\/wp\/v2\/product_brand?post=6654"},{"taxonomy":"product_cat","embeddable":true,"href":"https:\/\/caram.com.ar\/v8\/wp-json\/wp\/v2\/product_cat?post=6654"},{"taxonomy":"product_tag","embeddable":true,"href":"https:\/\/caram.com.ar\/v8\/wp-json\/wp\/v2\/product_tag?post=6654"}],"curies":[{"name":"wp","href":"https:\/\/api.w.org\/{rel}","templated":true}]}}