{"id":6637,"date":"2023-12-08T03:09:17","date_gmt":"2023-12-08T06:09:17","guid":{"rendered":"https:\/\/caram.com.ar\/v8\/producto\/bomba-shurflo-2088-343-135\/"},"modified":"2026-04-17T16:47:40","modified_gmt":"2026-04-17T19:47:40","slug":"bomba-shurflo-2088-343-135","status":"publish","type":"product","link":"https:\/\/caram.com.ar\/v8\/producto\/bomba-shurflo-2088-343-135\/","title":{"rendered":"Bomba SHURflo 2088-343-135"},"content":{"rendered":"<p>Las bombas SHURflo con valvulas de VITON permiten el traspaso de: qu\u00edmicos, acidos, agroqu\u00edmicos, sin da\u00f1arse.<br \/>\nSon empleadas en aviones de fumigaci\u00f3n, maquinas fumigadoras, y para el traspaso de agroqu\u00edmicos y acidos.<\/p>\n<p>Funcionamiento: A diafragma<br \/>\nValvulas: Viton<br \/>\nAlimentacion: 12 volts<br \/>\nArranque: Automatico<br \/>\nEntrada-Salida: 1\/2 \u00bb<br \/>\nPresion (PSI): 45 PSI<br \/>\nCaudal: 11,6 L\/M<br \/>\nConsumo: 5 Amp\/h<br \/>\nOrigen: USA<br \/>\nGarantia: 1 A\u00f1os<\/p>\n<p><a href=\"https:\/\/drive.google.com\/file\/d\/11wgHsrM8WRXxhRq1vhHbDdtQesBvMgcl\/view?usp=sharing\" target=\"_blank\" rel=\"noopener noreferrer\">DESCARGAR FICHA T\u00c9CNICA<\/a><\/p>\n","protected":false},"excerpt":{"rendered":"<p>Bomba SHURflo 2088-343-135<\/p>\n","protected":false},"featured_media":6638,"template":"","meta":[],"product_brand":[],"product_cat":[1164],"product_tag":[],"class_list":{"0":"post-6637","1":"product","2":"type-product","3":"status-publish","4":"has-post-thumbnail","6":"product_cat-industrial-agro","8":"first","9":"instock","10":"taxable","11":"shipping-taxable","12":"purchasable","13":"product-type-simple"},"_links":{"self":[{"href":"https:\/\/caram.com.ar\/v8\/wp-json\/wp\/v2\/product\/6637","targetHints":{"allow":["GET"]}}],"collection":[{"href":"https:\/\/caram.com.ar\/v8\/wp-json\/wp\/v2\/product"}],"about":[{"href":"https:\/\/caram.com.ar\/v8\/wp-json\/wp\/v2\/types\/product"}],"wp:featuredmedia":[{"embeddable":true,"href":"https:\/\/caram.com.ar\/v8\/wp-json\/wp\/v2\/media\/6638"}],"wp:attachment":[{"href":"https:\/\/caram.com.ar\/v8\/wp-json\/wp\/v2\/media?parent=6637"}],"wp:term":[{"taxonomy":"product_brand","embeddable":true,"href":"https:\/\/caram.com.ar\/v8\/wp-json\/wp\/v2\/product_brand?post=6637"},{"taxonomy":"product_cat","embeddable":true,"href":"https:\/\/caram.com.ar\/v8\/wp-json\/wp\/v2\/product_cat?post=6637"},{"taxonomy":"product_tag","embeddable":true,"href":"https:\/\/caram.com.ar\/v8\/wp-json\/wp\/v2\/product_tag?post=6637"}],"curies":[{"name":"wp","href":"https:\/\/api.w.org\/{rel}","templated":true}]}}