{"id":6621,"date":"2023-12-08T06:09:15","date_gmt":"2023-12-08T06:09:15","guid":{"rendered":"https:\/\/caram.com.ar\/v8\/producto\/bomba-shurflo-p-twin-4111-035\/"},"modified":"2026-04-17T16:47:39","modified_gmt":"2026-04-17T19:47:39","slug":"bomba-shurflo-p-twin-4111-035","status":"publish","type":"product","link":"https:\/\/caram.com.ar\/v8\/producto\/bomba-shurflo-p-twin-4111-035\/","title":{"rendered":"Bomba SHURflo P-TWIN 4111-035"},"content":{"rendered":"<p>\u00a0Las bombas SHURflo con valvulas de VITON permiten el traspaso de: qu\u00edmicos, acidos, agroqu\u00edmicos, sin da\u00f1arse.<br \/>Son empleadas en aviones de fumigaci\u00f3n, maquinas fumigadoras, y para el traspaso de agroqu\u00edmicos y acidos.<\/p>\n<p>Funcionamiento: A diafragma<br \/>Valvulas: Viton<br \/>Alimentacion: 12 volts<br \/>Arranque: Automatico<br \/>Entrada-Salida: 1\/2 \u00ab<br \/>Presion (PSI): 45 PSI<br \/>Caudal: 26,5 L\/M<br \/>Consumo: 14 Amp\/h<br \/>Garantia: 1 A\u00f1os<\/p>\n","protected":false},"excerpt":{"rendered":"<p>26,5l\/min 45PSI 12V AUT<\/p>\n","protected":false},"featured_media":6622,"template":"","meta":[],"product_brand":[],"product_cat":[1164],"product_tag":[],"class_list":{"0":"post-6621","1":"product","2":"type-product","3":"status-publish","4":"has-post-thumbnail","6":"product_cat-industrial-agro","8":"first","9":"instock","10":"taxable","11":"shipping-taxable","12":"purchasable","13":"product-type-simple"},"_links":{"self":[{"href":"https:\/\/caram.com.ar\/v8\/wp-json\/wp\/v2\/product\/6621","targetHints":{"allow":["GET"]}}],"collection":[{"href":"https:\/\/caram.com.ar\/v8\/wp-json\/wp\/v2\/product"}],"about":[{"href":"https:\/\/caram.com.ar\/v8\/wp-json\/wp\/v2\/types\/product"}],"wp:featuredmedia":[{"embeddable":true,"href":"https:\/\/caram.com.ar\/v8\/wp-json\/wp\/v2\/media\/6622"}],"wp:attachment":[{"href":"https:\/\/caram.com.ar\/v8\/wp-json\/wp\/v2\/media?parent=6621"}],"wp:term":[{"taxonomy":"product_brand","embeddable":true,"href":"https:\/\/caram.com.ar\/v8\/wp-json\/wp\/v2\/product_brand?post=6621"},{"taxonomy":"product_cat","embeddable":true,"href":"https:\/\/caram.com.ar\/v8\/wp-json\/wp\/v2\/product_cat?post=6621"},{"taxonomy":"product_tag","embeddable":true,"href":"https:\/\/caram.com.ar\/v8\/wp-json\/wp\/v2\/product_tag?post=6621"}],"curies":[{"name":"wp","href":"https:\/\/api.w.org\/{rel}","templated":true}]}}