{"id":6497,"date":"2023-12-08T03:09:03","date_gmt":"2023-12-08T06:09:03","guid":{"rendered":"https:\/\/caram.com.ar\/v8\/producto\/calefactor-gas-oil-12v-5000kcal\/"},"modified":"2026-04-17T16:47:54","modified_gmt":"2026-04-17T19:47:54","slug":"4115","status":"publish","type":"product","link":"https:\/\/caram.com.ar\/v8\/producto\/4115\/","title":{"rendered":"Calefactor ACTEC MAX GAS-OIL 12V  5000KCAL c\/control remoto y TERMOSTATO"},"content":{"rendered":"<p><span style=\"font-size: 12.16px;\">El calentador de aire COMPACT 75 MAX tiene un alto rendimiento con un bajo consumo de gasoil<\/span><\/p>\n<p><span style=\"font-size: 12.16px;\">dando una soluci\u00f3n simple y econ\u00f3mica . Es muy vers\u00e1til y su dise\u00f1o compacto facilita la instalaci\u00f3n<\/span><\/p>\n<p><span style=\"font-size: 12.16px;\">y la ubicaci\u00f3n del mismo en el habit\u00e1culo . El calentador de aire COMPACT 75 MAX calienta el aire en<\/span><\/p>\n<p><span style=\"font-size: 12.16px;\">el interior del veh\u00edculo o en el espacio de carga de forma r\u00e1pida y silenciosa, manteniendo una<\/span><\/p>\n<p><span style=\"font-size: 12.16px;\">temperatura de trabajo constante.<\/span><\/p>\n<p><span style=\"font-size: 12.16px;\">Ventajas <\/span><\/p>\n<p><span style=\"font-size: 12.16px;\">CON TERMOSTATO.<\/span><\/p>\n<p><span style=\"font-size: 12.16px;\">CON CONTROL REMOTO.<\/span><\/p>\n<p><span style=\"font-size: 12.16px;\">Funciona con motor parado o en marcha<\/span><\/p>\n<p><span style=\"font-size: 12.16px;\">Ahorro de combustible<\/span><\/p>\n<p><span style=\"font-size: 12.16px;\">Disminuye el uso en ralent\u00ed<\/span><\/p>\n<p><span style=\"font-size: 12.16px;\">Menor desgaste del motor<\/span><\/p>\n<p><span style=\"font-size: 12.16px;\">Temperaturas aplicable -40 \u00b0C<\/span><\/p>\n<p><span style=\"font-size: 12.16px;\">Mantiene la temperatura agradable en forma constante.<\/span><\/p>\n<p><span style=\"font-size: 12.16px;\">Muy eficiente, poco consumo de Gasoil.<\/span><\/p>\n<p><span style=\"font-size: 12.16px;\">Vers\u00e1til, se puede instalar en distintos tipos de veh\u00edculos<\/span><\/p>\n<p><span style=\"font-size: 12.16px;\">No es necesario intervenir en el motor del veh\u00edculo<\/span><\/p>\n<p><span style=\"font-size: 12.16px;\">F\u00e1cil instalaci\u00f3n<\/span><\/p>\n<p><span style=\"font-size: 12.16px;\">Modelo: Compact 75 Max<\/span><\/p>\n<p><span style=\"font-size: 12.16px;\">Carcasa: Aluminio<\/span><\/p>\n<p><span style=\"font-size: 12.16px;\">Potencia: 5000 kcal<\/span><\/p>\n<p><span style=\"font-size: 12.16px;\">Voltage\u00a012V: (Opcional 24V)<\/span><\/p>\n<p><span style=\"font-size: 12.16px;\">Volumen de aire: 185\/60<\/span><\/p>\n<p><span style=\"font-size: 12.16px;\">Consumo m\u00e1ximo: 5-7 A<\/span><\/p>\n<p><span style=\"font-size: 12.16px;\">Consumo en regimen: 1-2 A<\/span><\/p>\n<p><span style=\"font-size: 12.16px;\">Consumo Gas oil: l\/hs: 0,35<\/span><\/p>\n<p><span style=\"font-size: 12.16px;\">Tanque GASOIL: 10L<\/span><\/p>\n<p><span style=\"font-size: 12.16px;\">Panel de control: Display digital<\/span><\/p>\n<p><span style=\"font-size: 12.16px;\">Dimensiones (mm)\u00a0350 x 140 x 140<\/span><\/p>\n","protected":false},"excerpt":{"rendered":"<p>CALEFACTOR A GAS OIL 12V CARCASA ALUMINIO<\/p>\n","protected":false},"featured_media":8099,"template":"","meta":[],"product_brand":[],"product_cat":[1111],"product_tag":[],"class_list":{"0":"post-6497","1":"product","2":"type-product","3":"status-publish","4":"has-post-thumbnail","6":"product_cat-calefactores","8":"first","9":"instock","10":"taxable","11":"shipping-taxable","12":"purchasable","13":"product-type-simple"},"_links":{"self":[{"href":"https:\/\/caram.com.ar\/v8\/wp-json\/wp\/v2\/product\/6497","targetHints":{"allow":["GET"]}}],"collection":[{"href":"https:\/\/caram.com.ar\/v8\/wp-json\/wp\/v2\/product"}],"about":[{"href":"https:\/\/caram.com.ar\/v8\/wp-json\/wp\/v2\/types\/product"}],"wp:featuredmedia":[{"embeddable":true,"href":"https:\/\/caram.com.ar\/v8\/wp-json\/wp\/v2\/media\/8099"}],"wp:attachment":[{"href":"https:\/\/caram.com.ar\/v8\/wp-json\/wp\/v2\/media?parent=6497"}],"wp:term":[{"taxonomy":"product_brand","embeddable":true,"href":"https:\/\/caram.com.ar\/v8\/wp-json\/wp\/v2\/product_brand?post=6497"},{"taxonomy":"product_cat","embeddable":true,"href":"https:\/\/caram.com.ar\/v8\/wp-json\/wp\/v2\/product_cat?post=6497"},{"taxonomy":"product_tag","embeddable":true,"href":"https:\/\/caram.com.ar\/v8\/wp-json\/wp\/v2\/product_tag?post=6497"}],"curies":[{"name":"wp","href":"https:\/\/api.w.org\/{rel}","templated":true}]}}

<p><span style="font-size: 12.16px;">El calentador de aire COMPACT 75 MAX tiene un alto rendimiento con un bajo consumo de gasoil</span></p>
<p><span style="font-size: 12.16px;">dando una solución simple y económica . Es muy versátil y su diseño compacto facilita la instalación</span></p>
<p><span style="font-size: 12.16px;">y la ubicación del mismo en el habitáculo . El calentador de aire COMPACT 75 MAX calienta el aire en</span></p>
<p><span style="font-size: 12.16px;">el interior del vehículo o en el espacio de carga de forma rápida y silenciosa, manteniendo una</span></p>
<p><span style="font-size: 12.16px;">temperatura de trabajo constante.</span></p>
<p><span style="font-size: 12.16px;">Ventajas </span></p>
<p><span style="font-size: 12.16px;">CON TERMOSTATO.</span></p>
<p><span style="font-size: 12.16px;">CON CONTROL REMOTO.</span></p>
<p><span style="font-size: 12.16px;">Funciona con motor parado o en marcha</span></p>
<p><span style="font-size: 12.16px;">Ahorro de combustible</span></p>
<p><span style="font-size: 12.16px;">Disminuye el uso en ralentí</span></p>
<p><span style="font-size: 12.16px;">Menor desgaste del motor</span></p>
<p><span style="font-size: 12.16px;">Temperaturas aplicable -40 °C</span></p>
<p><span style="font-size: 12.16px;">Mantiene la temperatura agradable en forma constante.</span></p>
<p><span style="font-size: 12.16px;">Muy eficiente, poco consumo de Gasoil.</span></p>
<p><span style="font-size: 12.16px;">Versátil, se puede instalar en distintos tipos de vehículos</span></p>
<p><span style="font-size: 12.16px;">No es necesario intervenir en el motor del vehículo</span></p>
<p><span style="font-size: 12.16px;">Fácil instalación</span></p>
<p><span style="font-size: 12.16px;">Modelo: Compact 75 Max</span></p>
<p><span style="font-size: 12.16px;">Carcasa: Aluminio</span></p>
<p><span style="font-size: 12.16px;">Potencia: 5000 kcal</span></p>
<p><span style="font-size: 12.16px;">Voltage 12V: (Opcional 24V)</span></p>
<p><span style="font-size: 12.16px;">Volumen de aire: 185/60</span></p>
<p><span style="font-size: 12.16px;">Consumo máximo: 5-7 A</span></p>
<p><span style="font-size: 12.16px;">Consumo en regimen: 1-2 A</span></p>
<p><span style="font-size: 12.16px;">Consumo Gas oil: l/hs: 0,35</span></p>
<p><span style="font-size: 12.16px;">Tanque GASOIL: 10L</span></p>
<p><span style="font-size: 12.16px;">Panel de control: Display digital</span></p>
<p><span style="font-size: 12.16px;">Dimensiones (mm) 350 x 140 x 140</span></p>
