{"id":20014,"date":"2026-03-31T09:29:07","date_gmt":"2026-03-31T12:29:07","guid":{"rendered":"https:\/\/caram.com.ar\/v8\/?post_type=product&#038;p=20014"},"modified":"2026-04-17T16:47:54","modified_gmt":"2026-04-17T19:47:54","slug":"4120","status":"publish","type":"product","link":"https:\/\/caram.com.ar\/v8\/producto\/4120\/","title":{"rendered":"Calefactor JAYCOLD GAS-OIL 12V  5000KCAL c\/control remoto y TERMOSTATO"},"content":{"rendered":"<div id=\"comp-migi959013\" class=\"ku3DBC zQ9jDz qvSjx3 Vq6kJx comp-migi959013 wixui-rich-text\" data-testid=\"richTextElement\" data-motion-enter=\"done\">\n<p class=\"font_8 wixui-rich-text__text\">El calefactor Jaycold fue dise\u00f1ado para mantener la cabina a una temperatura ideal incluso con el motor apagado. Su tecnolog\u00eda eficiente y segura lo convierte en el aliado perfecto para rutas fr\u00edas o zonas de baja temperatura.<\/p>\n<p class=\"font_8 wixui-rich-text__text\">Funciona con gasoil y una m\u00ednima cantidad de energ\u00eda el\u00e9ctrica, ofreciendo calor constante sin depender del motor.<br class=\"wixui-rich-text__text\" \/>Perfecto para camiones, maquinaria vial o motorhomes que necesitan confort, sin sacrificar rendimiento ni combustible.<br class=\"wixui-rich-text__text\" \/>El calor exacto, cuando m\u00e1s lo necesit\u00e1s.<\/p>\n<\/div>\n<div id=\"comp-migi95924\" class=\"ku3DBC zQ9jDz qvSjx3 Vq6kJx comp-migi95924 wixui-rich-text\" data-testid=\"richTextElement\" data-motion-enter=\"done\">\n<p class=\"font_8 wixui-rich-text__text\">Ventajas principales:<\/p>\n<\/div>\n<div id=\"comp-migi9597\" class=\"ku3DBC zQ9jDz qvSjx3 Vq6kJx comp-migi9597 wixui-rich-text\" data-testid=\"richTextElement\" data-motion-enter=\"done\">\n<ul class=\"font_8 wixui-rich-text__text\">\n<li class=\"wixui-rich-text__text\">\n<p class=\"font_8 wixui-rich-text__text\">Muy bajo consumo.<\/p>\n<\/li>\n<li class=\"wixui-rich-text__text\">\n<p class=\"font_8 wixui-rich-text__text\">Funciona con el motor parado o en marcha.<\/p>\n<\/li>\n<li class=\"wixui-rich-text__text\">\n<p class=\"font_8 wixui-rich-text__text\">Apto para fr\u00edo extremo.<\/p>\n<\/li>\n<li class=\"wixui-rich-text__text\">\n<p class=\"font_8 wixui-rich-text__text\">F\u00e1cil instalaci\u00f3n.<\/p>\n<\/li>\n<li class=\"wixui-rich-text__text\">\n<p class=\"font_8 wixui-rich-text__text\">Corte autom\u00e1tico de temperatura.<\/p>\n<\/li>\n<li class=\"wixui-rich-text__text\">\n<p class=\"font_8 wixui-rich-text__text\">Temporizador integrado.<\/p>\n<\/li>\n<li class=\"wixui-rich-text__text\">\n<p class=\"font_8 wixui-rich-text__text\">Control por Bluetooth.<\/p>\n<\/li>\n<li class=\"wixui-rich-text__text\">\n<p class=\"font_8 wixui-rich-text__text\">Ideal para flotas o veh\u00edculos de larga distancia.<\/p>\n<\/li>\n<\/ul>\n<\/div>\n<div id=\"comp-migi959818\" class=\"ku3DBC zQ9jDz qvSjx3 Vq6kJx comp-migi959818 wixui-rich-text\" data-testid=\"richTextElement\" data-motion-enter=\"done\">\n<p class=\"font_8 wixui-rich-text__text\">Confort, seguridad y eficiencia t\u00e9rmica en un solo sistema.<br class=\"wixui-rich-text__text\" \/>Jaycold: m\u00e1s horas de descanso, menos gasto de combustible.<\/p>\n<\/div>\n","protected":false},"excerpt":{"rendered":"<p>El calefactor Jaycold fue dise\u00f1ado para mantener la cabina a una temperatura ideal incluso con el motor apagado. Su tecnolog\u00eda eficiente y segura lo convierte en el aliado perfecto para rutas fr\u00edas o zonas de baja temperatura. Funciona con gasoil y una m\u00ednima cantidad de energ\u00eda el\u00e9ctrica, ofreciendo calor constante sin depender del motor.Perfecto para [&hellip;]<\/p>\n","protected":false},"featured_media":20016,"template":"","meta":[],"product_brand":[],"product_cat":[1111],"product_tag":[],"class_list":{"0":"post-20014","1":"product","2":"type-product","3":"status-publish","4":"has-post-thumbnail","6":"product_cat-calefactores","8":"first","9":"instock","10":"taxable","11":"shipping-taxable","12":"purchasable","13":"product-type-simple"},"_links":{"self":[{"href":"https:\/\/caram.com.ar\/v8\/wp-json\/wp\/v2\/product\/20014","targetHints":{"allow":["GET"]}}],"collection":[{"href":"https:\/\/caram.com.ar\/v8\/wp-json\/wp\/v2\/product"}],"about":[{"href":"https:\/\/caram.com.ar\/v8\/wp-json\/wp\/v2\/types\/product"}],"wp:featuredmedia":[{"embeddable":true,"href":"https:\/\/caram.com.ar\/v8\/wp-json\/wp\/v2\/media\/20016"}],"wp:attachment":[{"href":"https:\/\/caram.com.ar\/v8\/wp-json\/wp\/v2\/media?parent=20014"}],"wp:term":[{"taxonomy":"product_brand","embeddable":true,"href":"https:\/\/caram.com.ar\/v8\/wp-json\/wp\/v2\/product_brand?post=20014"},{"taxonomy":"product_cat","embeddable":true,"href":"https:\/\/caram.com.ar\/v8\/wp-json\/wp\/v2\/product_cat?post=20014"},{"taxonomy":"product_tag","embeddable":true,"href":"https:\/\/caram.com.ar\/v8\/wp-json\/wp\/v2\/product_tag?post=20014"}],"curies":[{"name":"wp","href":"https:\/\/api.w.org\/{rel}","templated":true}]}}